 0 = 2*l - 4*s - 10. Calculate the greatest common factor of 56 and l.
7
Let w(z) = z**2 + 7*z - 13. Suppose u + 0 + 9 = 0. Let h be w(u). Suppose -3*g + 0 = b - 12, -2*g - h*b = -21. Calculate the highest common divisor of g and 9.
3
Let i be 1243/22 + 2/(-4). Suppose -5*l + 4*n - 428 = 0, -5*n - 47 - i = l. Let y be (l/(-20))/((-4)/(-20)). Calculate the highest common divisor of 242 and y.
22
Suppose 5*u = -2*n + 7*n - 45, -n + 3*u + 11 = 0. Calculate the highest common factor of 100 and n.
4
Suppose 0 = -35*c + 41*c + 30. Let h be 131/3 + c/(-60)*4. Calculate the greatest common divisor of 11 and h.
11
Suppose 2*h - 3*l - 62 = l, 0 = 4*h - 4*l - 108. Let w(b) = b**3 - 60*b**2 - 481*b + 965. Let o be w(67). What is the highest common divisor of h and o?
23
Let z be (656/(-24))/((-2)/3). Let d = z - 24. What is the greatest common divisor of 34 and d?
17
Suppose -18*c = -4*c - 546. Calculate the greatest common factor of c and 15.
3
Let c be 6 - ((-28)/35 + 16/(-5)). Let f be -2*2*-5 - 0. What is the greatest common divisor of f and c?
10
Suppose 0 = -9*j + 5*j + 92. Suppose j*c = 27*c - 20. What is the highest common divisor of c and 15?
5
Let s = 2731 - 2527. Calculate the greatest common divisor of 36 and s.
12
Let r be (-6 + -1)*-5 - 0. What is the greatest common factor of 70 and r?
35
Let j be (-3)/(108/(-28734)) + 9/(-54). Calculate the highest common factor of j and 38.
38
Let w be (-111 - 0)*(-75 + 74). Calculate the highest common divisor of w and 3.
3
Let k(z) = -z**2 + 12*z. Let b be k(5). Let u = -23 + b. What is the greatest common divisor of 96 and u?
12
Suppose 0 = -67*g - 411 + 6977. What is the greatest common divisor of 343 and g?
49
Let g = -19 - -23. Let o be 2 + g/(12/(-27)). Let h = o - -21. Calculate the highest common factor of 2 and h.
2
Let n be -3 + 1 - (-250 - -3). Let v be (-22 - (-505)/15)/(1/3). Calculate the greatest common factor of v and n.
35
Let t(x) = 5*x**2 + 2*x + 1. Let k be t(-1). Let v = 64 - 50. Suppose 106 = 3*f - v. What is the highest common factor of k and f?
4
Let b(i) = -30*i**2 + 19*i + 6. Let x be b(14). Let k be x/16 - 2/4. Let y be (-2)/(-17) + k/(-51). What is the highest common factor of 56 and y?
7
Let l be (50 - 52)*1/((-4)/38). Let b(g) = -g**3 + g**2 + 3*g - 2. Let h be b(-5). What is the highest common divisor of h and l?
19
Suppose 0 = 3*c - t + 4, -3*c - 1 = 2*t + 9. Suppose -i + 5*i - 4 = 0. Let a be (i*-116)/c - 3. What is the highest common divisor of a and 22?
11
Let v = 1313 + -755. Calculate the highest common divisor of 18 and v.
18
Let w be -66*(-8)/32*206. What is the highest common factor of 33 and w?
33
Suppose 1088*m + 72 = 1097*m. Let p = 7 + -5. What is the greatest common divisor of m and p?
2
Suppose -2*r - r - 5*k + 46 = 0, -2*r + 5*k = -14. Suppose -3*h - r + 132 = 0. Calculate the greatest common factor of 20 and h.
20
Suppose 36*t - 24*t = 792. Suppose 0 = -2*p - 3*l + 60, 0 = 5*p + 3*l - 0*l - 159. Calculate the greatest common factor of p and t.
33
Let c = -482 + 520. What is the highest common factor of c and 8?
2
Suppose l = 5*x - 4 - 6, -3*x - 2*l + 19 = 0. Suppose x*w = -73 + 298. Calculate the greatest common divisor of 15 and w.
15
Suppose -4*k + k + 396 = 0. Let c be 35/2*k/77. What is the greatest common factor of c and 12?
6
Suppose -1076*w + 6042 = -1070*w. Calculate the highest common divisor of w and 106.
53
Suppose 14*m = 34*m - 100. Let h(j) = 8*j - 5. Let d be h(5). Calculate the greatest common factor of m and d.
5
Let d = 116 + -72. Calculate the greatest common factor of 4 and d.
4
Let w(u) = -3*u + 2. Let f be -1 + 2 + (2 - 7)/1. Let g be w(f). What is the highest common factor of g and 28?
14
Let z = 118 - 73. Suppose 0 = -4*c - 9 + 25. Suppose -c*s + 82 = 22. Calculate the greatest common factor of s and z.
15
Let h(f) = f**2 - 2. Let u be h(2). Suppose -u*m - 5 = -9. Calculate the greatest common divisor of m and 1.
1
Let i be -6 - 1 - (-14835)/43. Calculate the highest common divisor of i and 52.
26
Suppose 0 = -5*h + 15 + 35. Let b(m) = m**2 + 5*m - 14. Let a be b(8). Calculate the highest common divisor of a and h.
10
Let c = -385 + 387. Calculate the highest common divisor of 62 and c.
2
Suppose 0 = 27*u - 24*u + 6. Let l be 3/u*10/(-3). Suppose -l*r = -3*r - 26. What is the greatest common divisor of 13 and r?
13
Let i(n) = -19*n + 44. Let l be i(8). Let p = -96 - l. Calculate the highest common factor of p and 12.
12
Let h be ((-50)/40)/(1/(-4)). Calculate the greatest common factor of 335 and h.
5
Suppose -2*t = -3*t + 218. Suppose -2*q + t = -5*a, -4*a = -5*q - 0*a + 511. What is the highest common factor of q and 9?
9
Let j(a) = -5 + a**2 - 6 + 0 + a. Let d be j(-11). Calculate the greatest common factor of 11 and d.
11
Let g = 3426 + -1646. What is the greatest common factor of g and 20?
20
Suppose 5*j + 1 = -o, 0 = 3*o + 3*j - 4*j + 3. Let l be 22 + 0 + (o - -5). What is the highest common factor of 39 and l?
13
Let o be (44/(-11))/4 - (-17 - 2). What is the greatest common factor of o and 1188?
18
Let c be (-1 - (-2 + 2))*0. Suppose 0*f - 5*f + 130 = c. Let v = 8201 - 8188. What is the highest common factor of f and v?
13
Suppose -149*t - 432 = -185*t. What is the greatest common factor of 564 and t?
12
Suppose -7*d + 5*h = -3*d - 1407, 0 = 6*d - 5*h - 2103. Calculate the highest common divisor of d and 12.
12
Let j(t) = 5*t + 17 - 9*t - 13*t - 11. Let m be j(-2). What is the highest common factor of m and 30?
10
Suppose 40*h - 39*h = 18. Calculate the greatest common divisor of h and 162.
18
Let a = 326 + -256. Calculate the greatest common divisor of a and 770.
70
Let q = 325 + -218. Suppose -u = -58 - q. Let x be 40/(-6)*171/(-76). What is the greatest common factor of u and x?
15
Let j be (13/(-2))/(12/(-432)). What is the highest common divisor of j and 126?
18
Let a(o) = -2*o + 1. Let t be a(-2). Suppose 115 = t*p + n, -4*p + 2*n + 62 = -30. What is the highest common factor of p and 69?
23
Suppose 4*a = -0*a + 8. Suppose -a*i + 42 = -4*d + 620, -1 = i. Calculate the greatest common divisor of d and 36.
36
Suppose 0 = 1417*c - 1410*c - 35. Calculate the greatest common factor of c and 20.
5
Let v(y) = -6*y - 7. Let p be v(-2). Suppose 5*d + 10 = -0*d - 2*g, g = -5*d - p. Suppose d*m - 162 = -2*m. Calculate the greatest common factor of 27 and m.
27
Let g = -136 + 226. What is the greatest common divisor of g and 3?
3
Suppose 0 = -2*q - 3*s + 2586, 2*q + 4*s = 3*q - 1304. What is the highest common divisor of q and 27?
27
Let t(h) = 10*h**2 + 2*h + 1. Let q be t(2). Suppose -3*z = 3*c - 30, -5*z + 25 = -c - 19. Calculate the greatest common factor of q and z.
9
Let n = -57 + 153. Calculate the highest common factor of n and 128.
32
Suppose 3*k - 5*a - 43 = 0, 3*a = k - 0*a - 21. What is the highest common factor of 33 and k?
3
Suppose 2*i = -3*u - 2*i + 55, -2*i = 3*u - 53. Suppose -a - a = 5*n - u, 2*a + n = 13. What is the highest common factor of a and 54?
6
Suppose -744 = -10*x - 52*x. What is the greatest common divisor of 318 and x?
6
Let r(k) = 10*k - 3. Suppose -32 = -9*g + g. Let j be r(g). What is the highest common factor of 37 and j?
37
Let o be -1 - 0 - (-25311)/39. What is the highest common divisor of 8 and o?
8
Let r be (-122)/(-4)*((5 - 5) + -2). Let p = -34 - r. What is the highest common factor of 36 and p?
9
Let u(w) = 2*w**2 + 84*w - 46. Let p be u(-43). Calculate the greatest common factor of p and 190.
10
Suppose 4*x + 4*m = 64, 4*x = -m - m + 70. Let j be (-26)/6*(-2 - x). Suppose -2*a = -j + 25. What is the greatest common factor of 22 and a?
11
Suppose t = -5*n + 63, -30 - 9 = -3*n - t. Let p be ((-615)/n)/((-3)/(-12)). Let g = p - -392. Calculate the greatest common divisor of 17 and g.
17
Let t be 93 + 20/15*(-12)/(-8). What is the greatest common factor of t and 5?
5
Suppose -c - 8 = 2*w - w, -w = -3. Let l = c - -134. Calculate the highest common factor of 82 and l.
41
Let x(b) = b**2 - b + 12. Let w be x(13). Let o = -23 - -35. What is the highest common factor of w and o?
12
Let b = -17 - -27. Suppose -24 = r + 3*j + 6, 2*r + 5*j + 57 = 0. Let u be 1/4 - r/28. Calculate the highest common divisor of b and u.
1
Let m = 52 + -56. Let y(n) = -n**3 - 2*n**2 + 3*n - 4. Let d be y(m). Calcu